{"id":15480,"date":"2016-09-21T22:54:23","date_gmt":"2016-09-21T20:54:23","guid":{"rendered":"https:\/\/galleriamichelarizzo.it\/artisti\/"},"modified":"2024-04-05T10:40:53","modified_gmt":"2024-04-05T08:40:53","slug":"artists","status":"publish","type":"page","link":"https:\/\/galleriamichelarizzo.it\/en\/artists\/","title":{"rendered":"Artists"},"content":{"rendered":"<div id=\"pl-15480\"  class=\"panel-layout\" ><div id=\"pg-15480-0\"  class=\"panel-grid panel-no-style\" ><div id=\"pgc-15480-0-0\"  class=\"panel-grid-cell\" ><div class=\"col-lg-4 col-md-4 panel-cell-style panel-cell-style-for-15480-0-0\" ><div id=\"panel-15480-0-0-0\" class=\"so-panel widget widget_sow-editor panel-first-child panel-last-child\" data-index=\"0\" ><div class=\"so-widget-sow-editor so-widget-sow-editor-base\">\n<div class=\"siteorigin-widget-tinymce textwidget\">\n\t<h2><a href=\"https:\/\/galleriamichelarizzo.it\/en\/giuseppe-abate\/?id=9962\">Giuseppe Abate<\/a><\/h2>\n<h2><a href=\"https:\/\/galleriamichelarizzo.it\/en\/vito-acconci\/\">Vito Acconci<\/a><\/h2>\n<h2><a href=\"https:\/\/galleriamichelarizzo.it\/en\/matthew-attard\/\">Matthew Attard<\/a><\/h2>\n<h2><a href=\"https:\/\/galleriamichelarizzo.it\/en\/nanni-balestrini\/\">Nanni Balestrini<\/a><\/h2>\n<h2><a href=\"https:\/\/galleriamichelarizzo.it\/en\/barry-x-ball\/\">Barry X Ball<\/a><\/h2>\n<h2><a href=\"https:\/\/galleriamichelarizzo.it\/en\/ivan-barlafante\/\">Ivan Barlafante<\/a><\/h2>\n<h2><a href=\"https:\/\/galleriamichelarizzo.it\/en\/ludovico-bomben\/?o=9244\">Ludovico Bomben<\/a><\/h2>\n<h2><a href=\"https:\/\/galleriamichelarizzo.it\/en\/marcela-cernadas\/\">Marcela Cernadas<\/a><\/h2>\n<h2><a href=\"https:\/\/galleriamichelarizzo.it\/en\/federico-de-leonardis\/\">Federico De Leonardis<\/a><\/h2>\n<h2><a href=\"https:\/\/galleriamichelarizzo.it\/en\/brian-eno\/\">Brian Eno<\/a><\/h2>\n<h2><a href=\"https:\/\/galleriamichelarizzo.it\/en\/leon-ferrari\/\">Le\u00f3n Ferrari<\/a><\/h2>\n<h2><a href=\"https:\/\/galleriamichelarizzo.it\/en\/giorgia-fincato\/\">Giorgia Fincato<\/a><\/h2>\n<\/div>\n<\/div><\/div><\/div><\/div><div id=\"pgc-15480-0-1\"  class=\"panel-grid-cell\" ><div class=\"col-md-4 col-lg-4 panel-cell-style panel-cell-style-for-15480-0-1\" ><div id=\"panel-15480-0-1-0\" class=\"so-panel widget widget_sow-editor panel-first-child panel-last-child\" data-index=\"1\" ><div class=\"so-widget-sow-editor so-widget-sow-editor-base\">\n<div class=\"siteorigin-widget-tinymce textwidget\">\n\t<h2><a href=\"https:\/\/galleriamichelarizzo.it\/en\/hamish-fulton\/\">Hamish Fulton<\/a><\/h2>\n<h2><a href=\"https:\/\/galleriamichelarizzo.it\/en\/riccardo-guarneri\/\">Riccardo Guarneri<\/a><\/h2>\n<h2><a href=\"https:\/\/galleriamichelarizzo.it\/en\/michael-hoepfner\/\">Michael Hoepfner<\/a><\/h2>\n<h2><a href=\"https:\/\/galleriamichelarizzo.it\/en\/francesco-jodice\/\">Francesco Jodice<\/a><\/h2>\n<h2><a href=\"https:\/\/galleriamichelarizzo.it\/en\/andrea-mastrovito\/\">Andrea Mastrovito\u00a0<\/a><\/h2>\n<h2><a href=\"https:\/\/galleriamichelarizzo.it\/en\/fabio-mauri\/\">Fabio Mauri<\/a><\/h2>\n<h2><a href=\"https:\/\/galleriamichelarizzo.it\/en\/ryts-monet\/\">Ryts Monet<\/a><\/h2>\n<h2><a href=\"https:\/\/galleriamichelarizzo.it\/en\/ruben-montini\/\">Ruben Montini<\/a><\/h2>\n<h2><a href=\"https:\/\/galleriamichelarizzo.it\/en\/antoni-muntadas\/\">Antoni Muntadas<\/a><\/h2>\n<h2><a href=\"https:\/\/galleriamichelarizzo.it\/en\/roman-opalka\/\">Roman Opalka<\/a><\/h2>\n<h2><a href=\"https:\/\/galleriamichelarizzo.it\/en\/maurizio-pellegrin\/\">Maurizio Pellegrin<\/a><\/h2>\n<h2><a href=\"https:\/\/galleriamichelarizzo.it\/en\/cesare-pietroiusti\/\">Cesare Pietroiusti<\/a><\/h2>\n<\/div>\n<\/div><\/div><\/div><\/div><div id=\"pgc-15480-0-2\"  class=\"panel-grid-cell\" ><div class=\"col-lg-4 col-md-4 panel-cell-style panel-cell-style-for-15480-0-2\" ><div id=\"panel-15480-0-2-0\" class=\"so-panel widget widget_sow-editor panel-first-child panel-last-child\" data-index=\"2\" ><div class=\"so-widget-sow-editor so-widget-sow-editor-base\">\n<div class=\"siteorigin-widget-tinymce textwidget\">\n\t<h2><a href=\"https:\/\/galleriamichelarizzo.it\/en\/lucio-pozzi\/\">Lucio Pozzi<\/a><\/h2>\n<h2><a href=\"https:\/\/galleriamichelarizzo.it\/en\/saverio-rampin\/\">Saverio Rampin<\/a><\/h2>\n<h2><a href=\"https:\/\/galleriamichelarizzo.it\/en\/david-rickard\/\">David Rickard<\/a><\/h2>\n<h2><a href=\"https:\/\/galleriamichelarizzo.it\/en\/antonio-rovaldi\/\">Antonio Rovaldi<\/a><\/h2>\n<h2><a href=\"https:\/\/galleriamichelarizzo.it\/en\/aldo-runfola\/\">Aldo Runfola<\/a><\/h2>\n<h2><a href=\"https:\/\/galleriamichelarizzo.it\/en\/alessandro-sambini\/\">Alessandro Sambini<\/a><\/h2>\n<h2><a href=\"https:\/\/galleriamichelarizzo.it\/en\/mariateresa-sartori\/\">Mariateresa Sartori<\/a><\/h2>\n<h2><a href=\"https:\/\/galleriamichelarizzo.it\/en\/katerina-seda\/\">Kate\u0159ina \u0160ed\u00e1<\/a><\/h2>\n<h2><a href=\"https:\/\/galleriamichelarizzo.it\/en\/silvano-tessarollo\/\">Silvano Tessarollo<\/a><\/h2>\n<h2><a href=\"https:\/\/galleriamichelarizzo.it\/en\/david-tremlett\/\">David Tremlett<\/a><\/h2>\n<\/div>\n<\/div><\/div><\/div><\/div><\/div><\/div>","protected":false},"excerpt":{"rendered":"<p>Giuseppe Abate Vito Acconci Matthew Attard Nanni Balestrini Barry X Ball Ivan Barlafante Ludovico Bomben Marcela Cernadas Federico De Leonardis Brian Eno Le\u00f3n Ferrari Giorgia Fincato Hamish Fulton Riccardo Guarneri Michael Hoepfner Francesco Jodice Andrea Mastrovito\u00a0 Fabio Mauri Ryts Monet Ruben Montini Antoni Muntadas Roman Opalka Maurizio Pellegrin Cesare Pietroiusti Lucio Pozzi Saverio Rampin David [&hellip;]<\/p>\n","protected":false},"author":1,"featured_media":0,"parent":0,"menu_order":0,"comment_status":"closed","ping_status":"closed","template":"page-artisti.php","meta":[],"_links":{"self":[{"href":"https:\/\/galleriamichelarizzo.it\/en\/wp-json\/wp\/v2\/pages\/15480"}],"collection":[{"href":"https:\/\/galleriamichelarizzo.it\/en\/wp-json\/wp\/v2\/pages"}],"about":[{"href":"https:\/\/galleriamichelarizzo.it\/en\/wp-json\/wp\/v2\/types\/page"}],"author":[{"embeddable":true,"href":"https:\/\/galleriamichelarizzo.it\/en\/wp-json\/wp\/v2\/users\/1"}],"replies":[{"embeddable":true,"href":"https:\/\/galleriamichelarizzo.it\/en\/wp-json\/wp\/v2\/comments?post=15480"}],"version-history":[{"count":10,"href":"https:\/\/galleriamichelarizzo.it\/en\/wp-json\/wp\/v2\/pages\/15480\/revisions"}],"predecessor-version":[{"id":16682,"href":"https:\/\/galleriamichelarizzo.it\/en\/wp-json\/wp\/v2\/pages\/15480\/revisions\/16682"}],"wp:attachment":[{"href":"https:\/\/galleriamichelarizzo.it\/en\/wp-json\/wp\/v2\/media?parent=15480"}],"curies":[{"name":"wp","href":"https:\/\/api.w.org\/{rel}","templated":true}]}}

<div id="pl-15480"  class="panel-layout" ><div id="pg-15480-0"  class="panel-grid panel-no-style" ><div id="pgc-15480-0-0"  class="panel-grid-cell" ><div class="col-lg-4 col-md-4 panel-cell-style panel-cell-style-for-15480-0-0" ><div id="panel-15480-0-0-0" class="so-panel widget widget_sow-editor panel-first-child panel-last-child" data-index="0" ><div class="so-widget-sow-editor so-widget-sow-editor-base">
<div class="siteorigin-widget-tinymce textwidget">
	<h2><a href="https://galleriamichelarizzo.it/en/giuseppe-abate/?id=9962">Giuseppe Abate</a></h2>
<h2><a href="https://galleriamichelarizzo.it/en/vito-acconci/">Vito Acconci</a></h2>
<h2><a href="https://galleriamichelarizzo.it/en/matthew-attard/">Matthew Attard</a></h2>
<h2><a href="https://galleriamichelarizzo.it/en/nanni-balestrini/">Nanni Balestrini</a></h2>
<h2><a href="https://galleriamichelarizzo.it/en/barry-x-ball/">Barry X Ball</a></h2>
<h2><a href="https://galleriamichelarizzo.it/en/ivan-barlafante/">Ivan Barlafante</a></h2>
<h2><a href="https://galleriamichelarizzo.it/en/ludovico-bomben/?o=9244">Ludovico Bomben</a></h2>
<h2><a href="https://galleriamichelarizzo.it/en/marcela-cernadas/">Marcela Cernadas</a></h2>
<h2><a href="https://galleriamichelarizzo.it/en/federico-de-leonardis/">Federico De Leonardis</a></h2>
<h2><a href="https://galleriamichelarizzo.it/en/brian-eno/">Brian Eno</a></h2>
<h2><a href="https://galleriamichelarizzo.it/en/leon-ferrari/">León Ferrari</a></h2>
<h2><a href="https://galleriamichelarizzo.it/en/giorgia-fincato/">Giorgia Fincato</a></h2>
</div>
</div></div></div></div><div id="pgc-15480-0-1"  class="panel-grid-cell" ><div class="col-md-4 col-lg-4 panel-cell-style panel-cell-style-for-15480-0-1" ><div id="panel-15480-0-1-0" class="so-panel widget widget_sow-editor panel-first-child panel-last-child" data-index="1" ><div class="so-widget-sow-editor so-widget-sow-editor-base">
<div class="siteorigin-widget-tinymce textwidget">
	<h2><a href="https://galleriamichelarizzo.it/en/hamish-fulton/">Hamish Fulton</a></h2>
<h2><a href="https://galleriamichelarizzo.it/en/riccardo-guarneri/">Riccardo Guarneri</a></h2>
<h2><a href="https://galleriamichelarizzo.it/en/michael-hoepfner/">Michael Hoepfner</a></h2>
<h2><a href="https://galleriamichelarizzo.it/en/francesco-jodice/">Francesco Jodice</a></h2>
<h2><a href="https://galleriamichelarizzo.it/en/andrea-mastrovito/">Andrea Mastrovito </a></h2>
<h2><a href="https://galleriamichelarizzo.it/en/fabio-mauri/">Fabio Mauri</a></h2>
<h2><a href="https://galleriamichelarizzo.it/en/ryts-monet/">Ryts Monet</a></h2>
<h2><a href="https://galleriamichelarizzo.it/en/ruben-montini/">Ruben Montini</a></h2>
<h2><a href="https://galleriamichelarizzo.it/en/antoni-muntadas/">Antoni Muntadas</a></h2>
<h2><a href="https://galleriamichelarizzo.it/en/roman-opalka/">Roman Opalka</a></h2>
<h2><a href="https://galleriamichelarizzo.it/en/maurizio-pellegrin/">Maurizio Pellegrin</a></h2>
<h2><a href="https://galleriamichelarizzo.it/en/cesare-pietroiusti/">Cesare Pietroiusti</a></h2>
</div>
</div></div></div></div><div id="pgc-15480-0-2"  class="panel-grid-cell" ><div class="col-lg-4 col-md-4 panel-cell-style panel-cell-style-for-15480-0-2" ><div id="panel-15480-0-2-0" class="so-panel widget widget_sow-editor panel-first-child panel-last-child" data-index="2" ><div class="so-widget-sow-editor so-widget-sow-editor-base">
<div class="siteorigin-widget-tinymce textwidget">
	<h2><a href="https://galleriamichelarizzo.it/en/lucio-pozzi/">Lucio Pozzi</a></h2>
<h2><a href="https://galleriamichelarizzo.it/en/saverio-rampin/">Saverio Rampin</a></h2>
<h2><a href="https://galleriamichelarizzo.it/en/david-rickard/">David Rickard</a></h2>
<h2><a href="https://galleriamichelarizzo.it/en/antonio-rovaldi/">Antonio Rovaldi</a></h2>
<h2><a href="https://galleriamichelarizzo.it/en/aldo-runfola/">Aldo Runfola</a></h2>
<h2><a href="https://galleriamichelarizzo.it/en/alessandro-sambini/">Alessandro Sambini</a></h2>
<h2><a href="https://galleriamichelarizzo.it/en/mariateresa-sartori/">Mariateresa Sartori</a></h2>
<h2><a href="https://galleriamichelarizzo.it/en/katerina-seda/">Kateřina Šedá</a></h2>
<h2><a href="https://galleriamichelarizzo.it/en/silvano-tessarollo/">Silvano Tessarollo</a></h2>
<h2><a href="https://galleriamichelarizzo.it/en/david-tremlett/">David Tremlett</a></h2>
</div>
</div></div></div></div></div></div>

<p>Giuseppe Abate Vito Acconci Matthew Attard Nanni Balestrini Barry X Ball Ivan Barlafante Ludovico Bomben Marcela Cernadas Federico De Leonardis Brian Eno León Ferrari Giorgia Fincato Hamish Fulton Riccardo Guarneri Michael Hoepfner Francesco Jodice Andrea Mastrovito  Fabio Mauri Ryts Monet Ruben Montini Antoni Muntadas Roman Opalka Maurizio Pellegrin Cesare Pietroiusti Lucio Pozzi Saverio Rampin David [&hellip;]</p>
